[INFO] cloning repository https://github.com/contlist/contlist
[INFO] running `Command { std: "git" "-c" "credential.helper=" "-c" "credential.helper=/workspace/cargo-home/bin/git-credential-null" "clone" "--bare" "https://github.com/contlist/contlist" "/workspace/cache/git-repos/https%3A%2F%2Fgithub.com%2Fcontlist%2Fcontlist", kill_on_drop: false }`
[INFO] [stderr] Cloning into bare repository '/workspace/cache/git-repos/https%3A%2F%2Fgithub.com%2Fcontlist%2Fcontlist'...
[INFO] running `Command { std: "git" "rev-parse" "HEAD", kill_on_drop: false }`
[INFO] [stdout] c779878789d30977f0adef409e0950cf95551d31
[INFO] checking contlist/contlist against try#72f88fc4e9458f89516a0b8b0868f3718aec5b47 for pr-74989
[INFO] running `Command { std: "git" "clone" "/workspace/cache/git-repos/https%3A%2F%2Fgithub.com%2Fcontlist%2Fcontlist" "/workspace/builds/worker-5/source", kill_on_drop: false }`
[INFO] [stderr] Cloning into '/workspace/builds/worker-5/source'...
[INFO] [stderr] done.
[INFO] validating manifest of git repo https://github.com/contlist/contlist on toolchain 72f88fc4e9458f89516a0b8b0868f3718aec5b47
[INFO] running `Command { std: "/workspace/cargo-home/bin/cargo" "+72f88fc4e9458f89516a0b8b0868f3718aec5b47" "read-manifest" "--manifest-path" "Cargo.toml", kill_on_drop: false }`
[INFO] started tweaking git repo https://github.com/contlist/contlist
[INFO] finished tweaking git repo https://github.com/contlist/contlist
[INFO] tweaked toml for git repo https://github.com/contlist/contlist written to /workspace/builds/worker-5/source/Cargo.toml
[INFO] crate git repo https://github.com/contlist/contlist already has a lockfile, it will not be regenerated
[INFO] running `Command { std: "/workspace/cargo-home/bin/cargo" "+72f88fc4e9458f89516a0b8b0868f3718aec5b47" "fetch" "--locked" "--manifest-path" "Cargo.toml", kill_on_drop: false }`
[INFO] [stderr]  Downloading crates ...
[INFO] [stderr]   Downloaded rocket_cors v0.5.2
[INFO] [stderr]   Downloaded jsonwebtoken v7.1.2
[INFO] [stderr]   Downloaded simple_asn1 v0.4.0
[INFO] running `Command { std: "docker" "create" "-v" "/var/lib/crater-agent-workspace/builds/worker-5/target:/opt/rustwide/target:rw,Z" "-v" "/var/lib/crater-agent-workspace/builds/worker-5/source:/opt/rustwide/workdir:ro,Z" "-v" "/var/lib/crater-agent-workspace/cargo-home:/opt/rustwide/cargo-home:ro,Z" "-v" "/var/lib/crater-agent-workspace/rustup-home:/opt/rustwide/rustup-home:ro,Z" "-e" "SOURCE_DIR=/opt/rustwide/workdir" "-e" "CARGO_TARGET_DIR=/opt/rustwide/target" "-e" "CARGO_HOME=/opt/rustwide/cargo-home" "-e" "RUSTUP_HOME=/opt/rustwide/rustup-home" "-w" "/opt/rustwide/workdir" "-m" "1610612736" "--user" "0:0" "--network" "none" "rustops/crates-build-env@sha256:d92eaeed33fa75130ca1ee6c8a01d1ffb62bac859dfdfb3450e3e5d1c0146529" "/opt/rustwide/cargo-home/bin/cargo" "+72f88fc4e9458f89516a0b8b0868f3718aec5b47" "metadata" "--no-deps" "--format-version=1", kill_on_drop: false }`
[INFO] [stdout] dad32af11fb115757e8f71853b98b4088bce57e4db631b13d587dbfbb8cc9613
[INFO] [stderr] WARNING: Your kernel does not support swap limit capabilities or the cgroup is not mounted. Memory limited without swap.
[INFO] running `Command { std: "docker" "start" "-a" "dad32af11fb115757e8f71853b98b4088bce57e4db631b13d587dbfbb8cc9613", kill_on_drop: false }`
[INFO] running `Command { std: "docker" "inspect" "dad32af11fb115757e8f71853b98b4088bce57e4db631b13d587dbfbb8cc9613", kill_on_drop: false }`
[INFO] running `Command { std: "docker" "rm" "-f" "dad32af11fb115757e8f71853b98b4088bce57e4db631b13d587dbfbb8cc9613", kill_on_drop: false }`
[INFO] [stdout] dad32af11fb115757e8f71853b98b4088bce57e4db631b13d587dbfbb8cc9613
[INFO] running `Command { std: "docker" "create" "-v" "/var/lib/crater-agent-workspace/builds/worker-5/target:/opt/rustwide/target:rw,Z" "-v" "/var/lib/crater-agent-workspace/builds/worker-5/source:/opt/rustwide/workdir:ro,Z" "-v" "/var/lib/crater-agent-workspace/cargo-home:/opt/rustwide/cargo-home:ro,Z" "-v" "/var/lib/crater-agent-workspace/rustup-home:/opt/rustwide/rustup-home:ro,Z" "-e" "SOURCE_DIR=/opt/rustwide/workdir" "-e" "CARGO_TARGET_DIR=/opt/rustwide/target" "-e" "CARGO_INCREMENTAL=0" "-e" "RUST_BACKTRACE=full" "-e" "RUSTFLAGS=--cap-lints=forbid" "-e" "CARGO_HOME=/opt/rustwide/cargo-home" "-e" "RUSTUP_HOME=/opt/rustwide/rustup-home" "-w" "/opt/rustwide/workdir" "-m" "1610612736" "--user" "0:0" "--network" "none" "rustops/crates-build-env@sha256:d92eaeed33fa75130ca1ee6c8a01d1ffb62bac859dfdfb3450e3e5d1c0146529" "/opt/rustwide/cargo-home/bin/cargo" "+72f88fc4e9458f89516a0b8b0868f3718aec5b47" "check" "--frozen" "--all" "--all-targets" "--message-format=json", kill_on_drop: false }`
[INFO] [stderr] WARNING: Your kernel does not support swap limit capabilities or the cgroup is not mounted. Memory limited without swap.
[INFO] [stdout] 87be9aa513fc4b18daea910433485f8142b8c4888de011427dd77c9214e80460
[INFO] running `Command { std: "docker" "start" "-a" "87be9aa513fc4b18daea910433485f8142b8c4888de011427dd77c9214e80460", kill_on_drop: false }`
[INFO] [stderr]    Compiling libc v0.2.71
[INFO] [stderr]    Compiling typenum v1.12.0
[INFO] [stderr]     Checking cfg-if v0.1.10
[INFO] [stderr]    Compiling autocfg v1.0.0
[INFO] [stderr]    Compiling byteorder v1.3.4
[INFO] [stderr]    Compiling log v0.4.8
[INFO] [stderr]    Compiling version_check v0.9.2
[INFO] [stderr]    Compiling proc-macro2 v1.0.18
[INFO] [stderr]    Compiling getrandom v0.1.14
[INFO] [stderr]    Compiling proc-macro2 v0.4.30
[INFO] [stderr]    Compiling unicode-xid v0.2.0
[INFO] [stderr]    Compiling syn v1.0.31
[INFO] [stderr]    Compiling unicode-xid v0.1.0
[INFO] [stderr]    Compiling yansi v0.5.0
[INFO] [stderr]    Compiling syn v0.15.44
[INFO] [stderr]    Compiling bitflags v1.2.1
[INFO] [stderr]    Compiling version_check v0.1.5
[INFO] [stderr]    Compiling httparse v1.3.4
[INFO] [stderr]    Compiling opaque-debug v0.2.3
[INFO] [stderr]    Compiling subtle v2.2.3
[INFO] [stderr]     Checking lazy_static v1.4.0
[INFO] [stderr]    Compiling serde v1.0.112
[INFO] [stderr]    Compiling matches v0.1.8
[INFO] [stderr]    Compiling memchr v2.3.3
[INFO] [stderr]    Compiling subtle v1.0.0
[INFO] [stderr]     Checking smallvec v1.4.0
[INFO] [stderr]    Compiling byte-tools v0.3.1
[INFO] [stderr]     Checking base64 v0.12.2
[INFO] [stderr]     Checking ppv-lite86 v0.2.8
[INFO] [stderr]    Compiling safemem v0.3.3
[INFO] [stderr]    Compiling zeroize v1.1.0
[INFO] [stderr]    Compiling percent-encoding v1.0.1
[INFO] [stderr]    Compiling fake-simd v0.1.2
[INFO] [stderr]     Checking percent-encoding v2.1.0
[INFO] [stderr]    Compiling traitobject v0.1.0
[INFO] [stderr]    Compiling typeable v0.1.2
[INFO] [stderr]    Compiling language-tags v0.2.2
[INFO] [stderr]     Checking scopeguard v1.1.0
[INFO] [stderr]    Compiling state v0.4.1
[INFO] [stderr]    Compiling ryu v1.0.5
[INFO] [stderr]    Compiling cc v1.0.54
[INFO] [stderr]    Compiling glob v0.3.0
[INFO] [stderr]     Checking regex-syntax v0.6.18
[INFO] [stderr]     Checking same-file v1.0.6
[INFO] [stderr]    Compiling pq-sys v0.4.6
[INFO] [stderr]    Compiling anyhow v1.0.31
[INFO] [stderr]     Checking arrayvec v0.5.1
[INFO] [stderr]     Checking boolinator v2.4.0
[INFO] [stderr]     Checking dotenv v0.15.0
[INFO] [stderr]     Checking thread_local v1.0.1
[INFO] [stderr]    Compiling unicode-bidi v0.3.4
[INFO] [stderr]    Compiling unicase v1.4.2
[INFO] [stderr]    Compiling block-padding v0.1.5
[INFO] [stderr]    Compiling num-traits v0.2.12
[INFO] [stderr]    Compiling indexmap v1.4.0
[INFO] [stderr]    Compiling num-integer v0.1.43
[INFO] [stderr]    Compiling num-bigint v0.2.6
[INFO] [stderr]    Compiling crossbeam-utils v0.7.2
[INFO] [stderr]    Compiling pear_codegen v0.1.4
[INFO] [stderr]    Compiling rocket_codegen v0.4.5
[INFO] [stderr]    Compiling unicase v2.6.0
[INFO] [stderr]    Compiling rocket v0.4.5
[INFO] [stderr]     Checking lock_api v0.3.4
[INFO] [stderr]     Checking walkdir v2.3.1
[INFO] [stderr]     Checking idna v0.1.5
[INFO] [stderr]     Checking idna v0.2.0
[INFO] [stderr]     Checking blake2b_simd v0.5.10
[INFO] [stderr]     Checking log v0.3.9
[INFO] [stderr]    Compiling base64 v0.9.3
[INFO] [stderr]     Checking url v2.1.1
[INFO] [stderr]     Checking time v0.1.43
[INFO] [stderr]     Checking atty v0.2.14
[INFO] [stderr]     Checking num_cpus v1.13.0
[INFO] [stderr]     Checking parking_lot_core v0.7.2
[INFO] [stderr]     Checking net2 v0.2.34
[INFO] [stderr]     Checking iovec v0.1.4
[INFO] [stderr]     Checking inotify-sys v0.1.3
[INFO] [stderr]     Checking filetime v0.2.10
[INFO] [stderr]     Checking url v1.7.2
[INFO] [stderr]     Checking aho-corasick v0.7.10
[INFO] [stderr]    Compiling quote v0.6.13
[INFO] [stderr]     Checking mime v0.2.6
[INFO] [stderr]    Compiling quote v1.0.7
[INFO] [stderr]     Checking generic-array v0.12.3
[INFO] [stderr]     Checking rand_core v0.5.1
[INFO] [stderr]     Checking colored v1.9.3
[INFO] [stderr]     Checking inotify v0.7.1
[INFO] [stderr]    Compiling ring v0.16.15
[INFO] [stderr]     Checking parking_lot v0.10.2
[INFO] [stderr]     Checking mio v0.6.22
[INFO] [stderr]     Checking rust-argon2 v0.8.2
[INFO] [stderr]     Checking rand_chacha v0.2.2
[INFO] [stderr]     Checking universal-hash v0.3.0
[INFO] [stderr]     Checking digest v0.8.1
[INFO] [stderr]     Checking block-cipher-trait v0.6.2
[INFO] [stderr]     Checking crypto-mac v0.7.0
[INFO] [stderr]     Checking aead v0.2.0
[INFO] [stderr]     Checking block-buffer v0.7.3
[INFO] [stderr]     Checking hyper v0.10.16
[INFO] [stderr]     Checking scheduled-thread-pool v0.2.4
[INFO] [stderr]     Checking polyval v0.3.3
[INFO] [stderr]     Checking aes-soft v0.3.3
[INFO] [stderr]     Checking hmac v0.7.1
[INFO] [stderr]     Checking sha2 v0.8.2
[INFO] [stderr]     Checking regex v1.3.9
[INFO] [stderr]     Checking r2d2 v0.8.8
[INFO] [stderr]     Checking rand v0.7.3
[INFO] [stderr]     Checking hkdf v0.8.0
[INFO] [stderr]     Checking ghash v0.2.3
[INFO] [stderr]     Checking aes v0.3.2
[INFO] [stderr]     Checking mio-extras v2.0.6
[INFO] [stderr]     Checking aes-gcm v0.5.0
[INFO] [stderr]     Checking chrono v0.4.11
[INFO] [stderr]     Checking notify v4.0.15
[INFO] [stderr]     Checking pem v0.8.1
[INFO] [stderr]     Checking cookie v0.11.3
[INFO] [stderr]     Checking fern v0.5.9
[INFO] [stderr]     Checking simple_asn1 v0.4.0
[INFO] [stderr]    Compiling devise_core v0.2.0
[INFO] [stderr]    Compiling serde_derive v1.0.112
[INFO] [stderr]    Compiling diesel_derives v1.4.1
[INFO] [stderr]    Compiling thiserror-impl v1.0.20
[INFO] [stderr]    Compiling devise_codegen v0.2.0
[INFO] [stderr]     Checking thiserror v1.0.20
[INFO] [stderr]    Compiling devise v0.2.0
[INFO] [stderr]    Compiling pear v0.1.4
[INFO] [stderr]     Checking rocket_http v0.4.5
[INFO] [stderr]     Checking diesel v1.4.5
[INFO] [stderr]     Checking toml v0.4.10
[INFO] [stderr]     Checking serde_json v1.0.55
[INFO] [stderr]     Checking unicase_serde v0.1.0
[INFO] [stderr]     Checking jsonwebtoken v7.1.2
[INFO] [stderr]     Checking rocket_contrib v0.4.5
[INFO] [stderr]     Checking rocket_cors v0.5.2
[INFO] [stderr]     Checking contlist v0.1.0 (/opt/rustwide/workdir)
[INFO] [stdout] error[E0583]: file not found for module `log`
[INFO] [stdout]   --> src/main.rs:11:1
[INFO] [stdout]    |
[INFO] [stdout] 11 | mod log;
[INFO] [stdout]    | ^^^^^^^^
[INFO] [stdout]    |
[INFO] [stdout]    = help: to create the module `log`, create file "src/log.rs"
[INFO] [stdout] 
[INFO] [stdout] 
[INFO] [stdout] error[E0583]: file not found for module `spa`
[INFO] [stdout]   --> src/web/mod.rs:10:1
[INFO] [stdout]    |
[INFO] [stdout] 10 | mod spa;
[INFO] [stdout]    | ^^^^^^^^
[INFO] [stdout]    |
[INFO] [stdout]    = help: to create the module `spa`, create file "src/web/spa.rs"
[INFO] [stdout] 
[INFO] [stdout] 
[INFO] [stdout] error[E0583]: file not found for module `log`
[INFO] [stdout]   --> src/main.rs:11:1
[INFO] [stdout]    |
[INFO] [stdout] 11 | mod log;
[INFO] [stdout]    | ^^^^^^^^
[INFO] [stdout]    |
[INFO] [stdout]    = help: to create the module `log`, create file "src/log.rs"
[INFO] [stdout] 
[INFO] [stdout] 
[INFO] [stdout] error[E0583]: file not found for module `spa`
[INFO] [stdout]   --> src/web/mod.rs:10:1
[INFO] [stdout]    |
[INFO] [stdout] 10 | mod spa;
[INFO] [stdout]    | ^^^^^^^^
[INFO] [stdout]    |
[INFO] [stdout]    = help: to create the module `spa`, create file "src/web/spa.rs"
[INFO] [stdout] 
[INFO] [stdout] 
[INFO] [stdout] error[E0432]: unresolved import `crate::log::ResultInspectRef`
[INFO] [stdout]  --> src/utils.rs:2:5
[INFO] [stdout]   |
[INFO] [stdout] 2 | use crate::log::ResultInspectRef;
[INFO] [stdout]   |     ^^^^^^^^^^^^^^^^^^^^^^^^^^^^ no `ResultInspectRef` in `log`
[INFO] [stdout] 
[INFO] [stdout] 
[INFO] [stdout] error[E0432]: unresolved import `crate::log::ResultInspect`
[INFO] [stdout]  --> src/web/contacts/endpoints.rs:4:5
[INFO] [stdout]   |
[INFO] [stdout] 4 | use crate::log::ResultInspect;
[INFO] [stdout]   |     ^^^^^^^^^^^^^^^^^^^^^^^^^ no `ResultInspect` in `log`
[INFO] [stdout] 
[INFO] [stdout] 
[INFO] [stdout] error[E0432]: unresolved import `crate::log::ResultInspect`
[INFO] [stdout]  --> src/web/users/endpoints.rs:3:5
[INFO] [stdout]   |
[INFO] [stdout] 3 | use crate::log::ResultInspect;
[INFO] [stdout]   |     ^^^^^^^^^^^^^^^^^^^^^^^^^ no `ResultInspect` in `log`
[INFO] [stdout] 
[INFO] [stdout] 
[INFO] [stdout] error[E0432]: unresolved import `crate::log::ResultInspectRef`
[INFO] [stdout]  --> src/utils.rs:2:5
[INFO] [stdout]   |
[INFO] [stdout] 2 | use crate::log::ResultInspectRef;
[INFO] [stdout]   |     ^^^^^^^^^^^^^^^^^^^^^^^^^^^^ no `ResultInspectRef` in `log`
[INFO] [stdout] 
[INFO] [stdout] 
[INFO] [stdout] error[E0432]: unresolved import `crate::log::ResultInspect`
[INFO] [stdout]  --> src/web/contacts/endpoints.rs:4:5
[INFO] [stdout]   |
[INFO] [stdout] 4 | use crate::log::ResultInspect;
[INFO] [stdout]   |     ^^^^^^^^^^^^^^^^^^^^^^^^^ no `ResultInspect` in `log`
[INFO] [stdout] 
[INFO] [stdout] 
[INFO] [stdout] error[E0432]: unresolved import `crate::log::ResultInspect`
[INFO] [stdout]  --> src/web/users/endpoints.rs:3:5
[INFO] [stdout]   |
[INFO] [stdout] 3 | use crate::log::ResultInspect;
[INFO] [stdout]   |     ^^^^^^^^^^^^^^^^^^^^^^^^^ no `ResultInspect` in `log`
[INFO] [stdout] 
[INFO] [stdout] 
[INFO] [stdout] error[E0433]: failed to resolve: could not find `LoggerConfig` in `log`
[INFO] [stdout]   --> src/main.rs:18:10
[INFO] [stdout]    |
[INFO] [stdout] 18 |     log::LoggerConfig::default()
[INFO] [stdout]    |          ^^^^^^^^^^^^ could not find `LoggerConfig` in `log`
[INFO] [stdout] 
[INFO] [stdout] 
[INFO] [stdout] error[E0425]: cannot find function `api` in module `spa`
[INFO] [stdout]   --> src/web/mod.rs:32:26
[INFO] [stdout]    |
[INFO] [stdout] 32 |         .mount("/", spa::api())
[INFO] [stdout]    |                          ^^^ not found in `spa`
[INFO] [stdout]    |
[INFO] [stdout] help: consider importing one of these items
[INFO] [stdout]    |
[INFO] [stdout] 2  | use crate::web::contact::api;
[INFO] [stdout]    |
[INFO] [stdout] 2  | use crate::web::user::api;
[INFO] [stdout]    |
[INFO] [stdout] 
[INFO] [stdout] 
[INFO] [stdout] error[E0433]: failed to resolve: could not find `LoggerConfig` in `log`
[INFO] [stdout]   --> src/main.rs:18:10
[INFO] [stdout]    |
[INFO] [stdout] 18 |     log::LoggerConfig::default()
[INFO] [stdout]    |          ^^^^^^^^^^^^ could not find `LoggerConfig` in `log`
[INFO] [stdout] 
[INFO] [stdout] 
[INFO] [stdout] error[E0425]: cannot find function `api` in module `spa`
[INFO] [stdout]   --> src/web/mod.rs:32:26
[INFO] [stdout]    |
[INFO] [stdout] 32 |         .mount("/", spa::api())
[INFO] [stdout]    |                          ^^^ not found in `spa`
[INFO] [stdout]    |
[INFO] [stdout] help: consider importing one of these items
[INFO] [stdout]    |
[INFO] [stdout] 2  | use crate::web::contact::api;
[INFO] [stdout]    |
[INFO] [stdout] 2  | use crate::web::user::api;
[INFO] [stdout]    |
[INFO] [stdout] 
[INFO] [stdout] 
[INFO] [stdout] error[E0599]: no method named `inspect_err_ref` found for reference `&std::result::Result<domain::user::user::CurrentUser, web::error::Error>` in the current scope
[INFO] [stdout]   --> src/utils.rs:28:10
[INFO] [stdout]    |
[INFO] [stdout] 28 |         .inspect_err_ref(|e| log::warn!("the user is not logged in: {}", e))
[INFO] [stdout]    |          ^^^^^^^^^^^^^^^ method not found in `&std::result::Result<domain::user::user::CurrentUser, web::error::Error>`
[INFO] [stdout] 
[INFO] [stdout] 
[INFO] [stdout] error[E0599]: no method named `inspect_err` found for enum `std::result::Result<i64, web::error::Error>` in the current scope
[INFO] [stdout]   --> src/web/contacts/endpoints.rs:22:10
[INFO] [stdout]    |
[INFO] [stdout] 22 |         .inspect_err(|e| log::warn!("failed to create contact: {}", e))
[INFO] [stdout]    |          ^^^^^^^^^^^ help: there is an associated function with a similar name: `expect_err`
[INFO] [stdout] 
[INFO] [stdout] 
[INFO] [stdout] error[E0599]: no method named `inspect_err` found for enum `std::result::Result<Vec<domain::contact::contact::Contact>, web::error::Error>` in the current scope
[INFO] [stdout]   --> src/web/contacts/endpoints.rs:33:10
[INFO] [stdout]    |
[INFO] [stdout] 33 |         .inspect_err(|e| log::error!("failed to collect user's contacts: {}", e))
[INFO] [stdout]    |          ^^^^^^^^^^^ help: there is an associated function with a similar name: `expect_err`
[INFO] [stdout] 
[INFO] [stdout] 
[INFO] [stdout] error[E0599]: no method named `inspect_err` found for enum `std::result::Result<(), web::error::Error>` in the current scope
[INFO] [stdout]   --> src/web/contacts/endpoints.rs:51:10
[INFO] [stdout]    |
[INFO] [stdout] 51 |         .inspect_err(|e| log::warn!("failed to update contact: {}", e))
[INFO] [stdout]    |          ^^^^^^^^^^^ help: there is an associated function with a similar name: `expect_err`
[INFO] [stdout] 
[INFO] [stdout] 
[INFO] [stdout] error[E0599]: no method named `inspect_err` found for enum `std::result::Result<(), web::error::Error>` in the current scope
[INFO] [stdout]   --> src/web/contacts/endpoints.rs:61:10
[INFO] [stdout]    |
[INFO] [stdout] 61 |         .inspect_err(|e| log::debug!("failed to delete contact: {}", e))
[INFO] [stdout]    |          ^^^^^^^^^^^ help: there is an associated function with a similar name: `expect_err`
[INFO] [stdout] 
[INFO] [stdout] 
[INFO] [stdout] error[E0599]: no method named `inspect_err` found for enum `std::result::Result<(), web::error::Error>` in the current scope
[INFO] [stdout]   --> src/web/users/endpoints.rs:15:10
[INFO] [stdout]    |
[INFO] [stdout] 15 |         .inspect_err(|e| log::warn!("failed to register user: {}", e))
[INFO] [stdout]    |          ^^^^^^^^^^^ help: there is an associated function with a similar name: `expect_err`
[INFO] [stdout] 
[INFO] [stdout] 
[INFO] [stdout] error[E0599]: no method named `inspect_err` found for enum `std::result::Result<domain::user::user::AuthUser, web::error::Error>` in the current scope
[INFO] [stdout]   --> src/web/users/endpoints.rs:24:10
[INFO] [stdout]    |
[INFO] [stdout] 24 |         .inspect_err(|e| log::warn!("failed to login user: {}", e))
[INFO] [stdout]    |          ^^^^^^^^^^^ help: there is an associated function with a similar name: `expect_err`
[INFO] [stdout] 
[INFO] [stdout] 
[INFO] [stdout] error[E0599]: no method named `inspect` found for enum `std::result::Result<rocket_contrib::json::Json<domain::user::user::User>, web::error::Error>` in the current scope
[INFO] [stdout]    --> src/web/users/endpoints.rs:34:10
[INFO] [stdout]     |
[INFO] [stdout] 34  |           .inspect(|u| log::debug!("user: {:#?}", u))
[INFO] [stdout]     |            ^^^^^^^ method not found in `std::result::Result<rocket_contrib::json::Json<domain::user::user::User>, web::error::Error>`
[INFO] [stdout]     |
[INFO] [stdout]     = note: the method `inspect` exists but the following trait bounds were not satisfied:
[INFO] [stdout]             `std::result::Result<rocket_contrib::json::Json<domain::user::user::User>, web::error::Error>: Iterator`
[INFO] [stdout]             which is required by `&mut std::result::Result<rocket_contrib::json::Json<domain::user::user::User>, web::error::Error>: Iterator`
[INFO] [stdout] 
[INFO] [stdout] 
[INFO] [stdout] error[E0599]: no method named `inspect_err_ref` found for reference `&std::result::Result<domain::user::user::CurrentUser, web::error::Error>` in the current scope
[INFO] [stdout]   --> src/utils.rs:28:10
[INFO] [stdout]    |
[INFO] [stdout] 28 |         .inspect_err_ref(|e| log::warn!("the user is not logged in: {}", e))
[INFO] [stdout]    |          ^^^^^^^^^^^^^^^ method not found in `&std::result::Result<domain::user::user::CurrentUser, web::error::Error>`
[INFO] [stdout] 
[INFO] [stdout] 
[INFO] [stdout] error[E0599]: no method named `inspect_err` found for enum `std::result::Result<(), web::error::Error>` in the current scope
[INFO] [stdout]   --> src/web/users/endpoints.rs:49:10
[INFO] [stdout]    |
[INFO] [stdout] 49 |         .inspect_err(|e| log::warn!("failed to update user: {}", e))
[INFO] [stdout]    |          ^^^^^^^^^^^ help: there is an associated function with a similar name: `expect_err`
[INFO] [stdout] 
[INFO] [stdout] 
[INFO] [stdout] error[E0599]: no method named `inspect_err` found for enum `std::result::Result<i64, web::error::Error>` in the current scope
[INFO] [stdout]   --> src/web/contacts/endpoints.rs:22:10
[INFO] [stdout]    |
[INFO] [stdout] 22 |         .inspect_err(|e| log::warn!("failed to create contact: {}", e))
[INFO] [stdout]    |          ^^^^^^^^^^^ help: there is an associated function with a similar name: `expect_err`
[INFO] [stdout] 
[INFO] [stdout] 
[INFO] [stdout] error[E0599]: no method named `inspect_err` found for enum `std::result::Result<Vec<domain::contact::contact::Contact>, web::error::Error>` in the current scope
[INFO] [stdout]   --> src/web/contacts/endpoints.rs:33:10
[INFO] [stdout]    |
[INFO] [stdout] 33 |         .inspect_err(|e| log::error!("failed to collect user's contacts: {}", e))
[INFO] [stdout]    |          ^^^^^^^^^^^ help: there is an associated function with a similar name: `expect_err`
[INFO] [stdout] 
[INFO] [stdout] 
[INFO] [stdout] error[E0599]: no method named `inspect_err` found for enum `std::result::Result<(), web::error::Error>` in the current scope
[INFO] [stdout]   --> src/web/contacts/endpoints.rs:51:10
[INFO] [stdout]    |
[INFO] [stdout] 51 |         .inspect_err(|e| log::warn!("failed to update contact: {}", e))
[INFO] [stdout]    |          ^^^^^^^^^^^ help: there is an associated function with a similar name: `expect_err`
[INFO] [stdout] 
[INFO] [stdout] 
[INFO] [stdout] error: aborting due to 16 previous errors
[INFO] [stdout] 
[INFO] [stdout] 
[INFO] [stdout] Some errors have detailed explanations: E0425, E0432, E0433, E0583, E0599.
[INFO] [stdout] 
[INFO] [stdout] For more information about an error, try `rustc --explain E0425`.
[INFO] [stdout] 
[INFO] [stderr] error: could not compile `contlist`.
[INFO] [stderr] 
[INFO] [stderr] To learn more, run the command again with --verbose.
[INFO] [stderr] warning: build failed, waiting for other jobs to finish...
[INFO] [stdout] error[E0599]: no method named `inspect_err` found for enum `std::result::Result<(), web::error::Error>` in the current scope
[INFO] [stdout]   --> src/web/contacts/endpoints.rs:61:10
[INFO] [stdout]    |
[INFO] [stdout] 61 |         .inspect_err(|e| log::debug!("failed to delete contact: {}", e))
[INFO] [stdout]    |          ^^^^^^^^^^^ help: there is an associated function with a similar name: `expect_err`
[INFO] [stdout] 
[INFO] [stdout] 
[INFO] [stdout] error[E0599]: no method named `inspect_err` found for enum `std::result::Result<(), web::error::Error>` in the current scope
[INFO] [stdout]   --> src/web/users/endpoints.rs:15:10
[INFO] [stdout]    |
[INFO] [stdout] 15 |         .inspect_err(|e| log::warn!("failed to register user: {}", e))
[INFO] [stdout]    |          ^^^^^^^^^^^ help: there is an associated function with a similar name: `expect_err`
[INFO] [stdout] 
[INFO] [stdout] 
[INFO] [stdout] error[E0599]: no method named `inspect_err` found for enum `std::result::Result<domain::user::user::AuthUser, web::error::Error>` in the current scope
[INFO] [stdout]   --> src/web/users/endpoints.rs:24:10
[INFO] [stdout]    |
[INFO] [stdout] 24 |         .inspect_err(|e| log::warn!("failed to login user: {}", e))
[INFO] [stdout]    |          ^^^^^^^^^^^ help: there is an associated function with a similar name: `expect_err`
[INFO] [stdout] 
[INFO] [stdout] 
[INFO] [stdout] error[E0599]: no method named `inspect` found for enum `std::result::Result<rocket_contrib::json::Json<domain::user::user::User>, web::error::Error>` in the current scope
[INFO] [stdout]    --> src/web/users/endpoints.rs:34:10
[INFO] [stdout]     |
[INFO] [stdout] 34  |           .inspect(|u| log::debug!("user: {:#?}", u))
[INFO] [stdout]     |            ^^^^^^^ method not found in `std::result::Result<rocket_contrib::json::Json<domain::user::user::User>, web::error::Error>`
[INFO] [stdout]     |
[INFO] [stdout]     = note: the method `inspect` exists but the following trait bounds were not satisfied:
[INFO] [stdout]             `std::result::Result<rocket_contrib::json::Json<domain::user::user::User>, web::error::Error>: Iterator`
[INFO] [stdout]             which is required by `&mut std::result::Result<rocket_contrib::json::Json<domain::user::user::User>, web::error::Error>: Iterator`
[INFO] [stdout] 
[INFO] [stdout] 
[INFO] [stdout] error[E0599]: no method named `inspect_err` found for enum `std::result::Result<(), web::error::Error>` in the current scope
[INFO] [stdout]   --> src/web/users/endpoints.rs:49:10
[INFO] [stdout]    |
[INFO] [stdout] 49 |         .inspect_err(|e| log::warn!("failed to update user: {}", e))
[INFO] [stdout]    |          ^^^^^^^^^^^ help: there is an associated function with a similar name: `expect_err`
[INFO] [stdout] 
[INFO] [stdout] 
[INFO] [stdout] error: aborting due to 16 previous errors
[INFO] [stdout] 
[INFO] [stdout] 
[INFO] [stdout] Some errors have detailed explanations: E0425, E0432, E0433, E0583, E0599.
[INFO] [stdout] 
[INFO] [stdout] For more information about an error, try `rustc --explain E0425`.
[INFO] [stdout] 
[INFO] [stderr] error: build failed
[INFO] running `Command { std: "docker" "inspect" "87be9aa513fc4b18daea910433485f8142b8c4888de011427dd77c9214e80460", kill_on_drop: false }`
[INFO] running `Command { std: "docker" "rm" "-f" "87be9aa513fc4b18daea910433485f8142b8c4888de011427dd77c9214e80460", kill_on_drop: false }`
[INFO] [stdout] 87be9aa513fc4b18daea910433485f8142b8c4888de011427dd77c9214e80460
